{"id":145,"date":"2014-02-24T09:35:05","date_gmt":"2014-02-24T09:35:05","guid":{"rendered":"http:\/\/eng.mecavprecision.com\/?page_id=145"},"modified":"2018-10-25T12:29:47","modified_gmt":"2018-10-25T12:29:47","slug":"contact-us","status":"publish","type":"page","link":"https:\/\/eng.mecavprecision.com\/?page_id=145","title":{"rendered":""},"content":{"rendered":"<p>MECAV &#8211; Mec\u00e0nica Avan\u00e7ada S.L.<\/p>\n<p>C\/ Irlanda 18,\u00a0\u00a0Pol\u00edgon Constant\u00ed<\/p>\n<p>43120 CONSTANT\u00cd (Tarragona)<\/p>\n<p>SPAIN<\/p>\n<p>T: 0034 977 100 616<\/p>\n<p>e-mail: comercial@mecav.eu<\/p>\n<p>&nbsp;<\/p>\n<p><img decoding=\"async\" src=\"http:\/\/www.codigos-qr.com\/qr\/php\/qr_img.php?d=https%3A%2F%2Fmaps.google.es%2Fmaps%3Fq%3DCarrer%2BIrlanda%2C%2B18%2C%2BConstant%25C3%25AD%26hl%3Des%26ie%3DUTF8%26sll%3D41.167362%2C1.173871%26sspn%3D0.008626%2C0.021136%26oq%3DIrlanda%2B18%2B%2C%2Bconstant%26hnear%3DCarrer%2BIrlanda%2C%2BConstant%25C3%25AD%2C%2BTarragona%26t%3Dh%26z%3D14&amp;s=4&amp;e=\" alt=\"C\u00f3digos QR \/ Qr Codes\" \/><\/p>\n<p>&nbsp;<\/p>\n<p><iframe loading=\"lazy\" src=\"https:\/\/maps.google.es\/maps?f=q&amp;source=s_q&amp;hl=es&amp;geocode=&amp;q=Carrer+Irlanda,+18,+Constant%C3%AD&amp;aq=0&amp;oq=Irlanda+18+,+constant&amp;sll=41.167362,1.173871&amp;sspn=0.008626,0.021136&amp;g=Carrer+Irlanda,+18,+Constant%C3%AD&amp;ie=UTF8&amp;hq=&amp;hnear=Carrer+Irlanda,+Constant%C3%AD,+Tarragona&amp;ll=41.167362,1.173871&amp;spn=0.017252,0.042272&amp;t=h&amp;z=14&amp;output=embed\" width=\"425\" height=\"350\" frameborder=\"0\" marginwidth=\"0\" marginheight=\"0\" scrolling=\"no\"><\/iframe><br \/>\n<small><a style=\"color: #0000ff; text-align: left;\" href=\"https:\/\/maps.google.es\/maps?f=q&amp;source=embed&amp;hl=es&amp;geocode=&amp;q=Carrer+Irlanda,+18,+Constant%C3%AD&amp;aq=0&amp;oq=Irlanda+18+,+constant&amp;sll=41.167362,1.173871&amp;sspn=0.008626,0.021136&amp;g=Carrer+Irlanda,+18,+Constant%C3%AD&amp;ie=UTF8&amp;hq=&amp;hnear=Carrer+Irlanda,+Constant%C3%AD,+Tarragona&amp;ll=41.167362,1.173871&amp;spn=0.017252,0.042272&amp;t=h&amp;z=14\">Ver mapa m\u00e1s grande<\/a><\/small><\/p>\n","protected":false},"excerpt":{"rendered":"<p>MECAV &#8211; Mec\u00e0nica Avan\u00e7ada S.L. C\/ Irlanda 18,\u00a0\u00a0Pol\u00edgon Constant\u00ed 43120 CONSTANT\u00cd (Tarragona) SPAIN T: 0034 977 100 616 e-mail: comercial@mecav.eu &nbsp; &nbsp; Ver mapa m\u00e1s grande<\/p>\n","protected":false},"author":1,"featured_media":0,"parent":0,"menu_order":0,"comment_status":"open","ping_status":"open","template":"","meta":{"footnotes":""},"class_list":["post-145","page","type-page","status-publish","hentry"],"_links":{"self":[{"href":"https:\/\/eng.mecavprecision.com\/index.php?rest_route=\/wp\/v2\/pages\/145","targetHints":{"allow":["GET"]}}],"collection":[{"href":"https:\/\/eng.mecavprecision.com\/index.php?rest_route=\/wp\/v2\/pages"}],"about":[{"href":"https:\/\/eng.mecavprecision.com\/index.php?rest_route=\/wp\/v2\/types\/page"}],"author":[{"embeddable":true,"href":"https:\/\/eng.mecavprecision.com\/index.php?rest_route=\/wp\/v2\/users\/1"}],"replies":[{"embeddable":true,"href":"https:\/\/eng.mecavprecision.com\/index.php?rest_route=%2Fwp%2Fv2%2Fcomments&post=145"}],"version-history":[{"count":4,"href":"https:\/\/eng.mecavprecision.com\/index.php?rest_route=\/wp\/v2\/pages\/145\/revisions"}],"predecessor-version":[{"id":194,"href":"https:\/\/eng.mecavprecision.com\/index.php?rest_route=\/wp\/v2\/pages\/145\/revisions\/194"}],"wp:attachment":[{"href":"https:\/\/eng.mecavprecision.com\/index.php?rest_route=%2Fwp%2Fv2%2Fmedia&parent=145"}],"curies":[{"name":"wp","href":"https:\/\/api.w.org\/{rel}","templated":true}]}}